Let g(l) = 3*l**2 + 2*l - 1. Let x(u) = 15*u**2 + u - 13. Let b(m) = -4*g(m) + x(m). List the prime factors of b(w).
3, 19
List the prime factors of ((-5964)/14)/((-24)/30*(-3)/(-18)).
3, 5, 71
What are the prime factors of (20 - (-2836)/16)/(0 - (-1)/104)?
2, 3, 13, 263
Let b(o) be the second derivative of 5*o**4/12 - 11*o**3/3 - 8*o**2 + o - 79. What are the prime factors of b(11)?
347
Let w(c) be the second derivative of c**4/2 - 4*c**3/3 + 27*c**2 + 77*c. List the prime factors of w(4).
2, 59
Let i = 635 - -2119. Suppose -38*g + i = -29*g. What are the prime factors of g?
2, 3, 17
List the prime factors of 5183/(-146)*2*-114.
2, 3, 19, 71
Let v be ((-1)/(1 + 0))/((-3)/12). Suppose v*p = -2*d + 16, p + 4 = d + 2*p. Suppose -2*g + 110 + 148 = 4*j, d = j - 4*g - 60. What are the prime factors of j?
2
What are the prime factors of (4 - 4)/(-5) - (-157400)/40?
5, 787
Let d(r) = 6976*r**2 - 64*r + 64. List the prime factors of d(2).
2, 3, 5, 29
Let p be (-30947)/(-35) - (22/10 + -2). Let a = p - 589. List the prime factors of a.
5, 59
Let b(l) be the second derivative of l**4/12 - l**3/3 + l**2/2 - 10*l. Let o be b(-1). Let p(h) = -h**3 + 10*h**2 - 9*h + 1. What are the prime factors of p(o)?
61
What are the prime factors of (-6158175)/(-1269) - 4/(-18)?
23, 211
Let p(l) be the first derivative of -l**4/4 + 11*l**3/3 - 13*l**2/2 - 11*l + 31. List the prime factors of p(7).
2, 47
Suppose 7*c - 5*c + 5*b + 455 = 0, -5*b - 1175 = 5*c. Let g = c - -679. What are the prime factors of g?
439
Let y = -8188 - -17978. What are the prime factors of y?
2, 5, 11, 89
Let h(f) = 2*f**2 - 96*f - 4. Let o(g) = -3*g**2 + 91*g + 5. Let w(p) = 5*h(p) + 4*o(p). What are the prime factors of w(-21)?
2, 3, 7, 37
Suppose -3*q - 7*p + 18127 - 4522 = 0, -2*q + 9070 = -5*p. List the prime factors of q.
5, 907
Let k(z) = -z**2 - 15*z - 64. Let l be k(-6). What are the prime factors of ((-16)/l)/(-10*6/(-6450))?
2, 43
What are the prime factors of (-181938)/(-4)*((-14)/(378/225) + 9)?
30323
Let n = 111844 - 63481. List the prime factors of n.
3, 7, 47
Let u(a) = -22*a - 12. Let m be (-6*25/(-15))/(2 - 0). Let k(f) = f**3 - 5*f**2 - 3*f + 10. Let s be k(m). What are the prime factors of u(s)?
2, 7
Suppose 152856 = 2*u - 12*u + 32*u. List the prime factors of u.
2, 3, 193
List the prime factors of (-10)/120*6*(-5 + -39077).
19541
Suppose 40326 = 6*q - 54414. What are the prime factors of q?
2, 5, 1579
Let p be (-1 - 1) + 0 - 2. Let w be 1727 + (-2 - 0)/(p/6). What are the prime factors of w/50 + (-2)/(-5)?
5, 7
Suppose 148*u = 69*u + 454408. What are the prime factors of u?
2, 719
Let b = 143 + -90. Let x = 68 - b. List the prime factors of 5*((-144)/(-15) + (-3)/x).
47
What are the prime factors of (-378)/8*36/27*-382?
2, 3, 7, 191
Let t = 2067 - -18164. List the prime factors of t.
20231
Let l be 14/49*7 + 1 + -8. Let y be (1/3)/(l/(-45)). Suppose y*k = 238 + 74. List the prime factors of k.
2, 13
Let p(t) be the third derivative of -t**6/120 + 17*t**5/60 + 35*t**4/24 + 8*t**3 + 14*t**2 - 1. List the prime factors of p(17).
643
Let p be (5/(-3))/(15/(-18))*-2. List the prime factors of p + -5 + -7 + 975.
7, 137
Let g(p) = 1894*p + 48. Let b be g(2). Let z = 5550 - b. List the prime factors of z.
2, 857
Let u(m) = 948*m**2 - 846*m + 5103. What are the prime factors of u(6)?
3, 5, 11, 23
List the prime factors of (3 - -5) + 20186/2.
3, 7, 13, 37
Let c = 14 - 17. Let t be (4/(-4))/(c/15). Suppose -t*z + 4*b + 168 = 0, -4*b + 0*b - 132 = -4*z. List the prime factors of z.
2, 3
Suppose -4*t - 4 = 4*g, 4*g - 35*t - 11 = -36*t. Suppose i - 1320 = g*s + 244, 4*i - 4*s - 6196 = 0. List the prime factors of i.
2, 193
Let a = 173 + -168. Suppose 0 = -a*c + 548 + 2032. What are the prime factors of c?
2, 3, 43
Let r(f) = f**2 - 29*f + 101. Let v be r(26). Suppose -v*a + 1186 = -3943. List the prime factors of a.
223
Let s = 18302 + -10238. What are the prime factors of s?
2, 3, 7
Let u(b) = 391*b + 98. Let s(h) = 78*h + 20. Let w(d) = -11*s(d) + 2*u(d). What are the prime factors of w(-5)?
2, 89
Let n(c) = 4*c**2 - c - 2. Let p be n(-3). Let y(l) = -2*l**2 - 6*l + 1. Let q be y(-5). Let u = q + p. List the prime factors of u.
2, 3
Let d = -4925 + 6763. List the prime factors of d.
2, 919
List the prime factors of (-56)/(-40) - (-96468)/30.
3217
Let b(i) = -21*i + 92. Let m be b(4). What are the prime factors of 559 - ((-132)/(-99))/(m/6)?
2, 3, 31
Let s(d) = 2*d**2 - d - 10. Let r = 5 - -19. Let a be ((-2)/(-4))/(1*(-3)/r). What are the prime factors of s(a)?
2, 13
Let j(g) = g**3 + 9*g**2 + 14*g + 28. Let h be j(-7). Suppose h = 16*p - 36. Suppose p*z - 1272 + 256 = 0. What are the prime factors of z?
2, 127
Suppose -4*p - 20149 = -5*x, 10600 = 2*x - p + 2541. Let r = x + -2481. What are the prime factors of r?
2, 3, 43
Let o = -117 - -122. Let y(q) = 3*q**2 - 2*q + 17. What are the prime factors of y(o)?
2, 41
Let v(o) = -183*o + 3. Suppose 5*m + 19 = -3*l - 0, -3*l - 2*m - 13 = 0. Let z be v(l). Suppose -i - z = -5*c - 0*i, 5*i - 15 = 0. List the prime factors of c.
3, 37
Let a(p) = p**2 + 19*p - 13. Let w be a(6). Suppose 2*c = -4*q + w + 97, 5*c = 3*q + 572. Let z = c - -21. What are the prime factors of z?
2, 17
Let x be -3 + 21/9 - (-28452)/18. Suppose 5*t = -f + 375, -4*f - t = 3*t - x. List the prime factors of f.
2, 5
Suppose 4*g - 3*s - 43 = 0, -g + 16 - 2 = -4*s. Suppose 50 = 5*n + g. Let j(v) = 9*v - 10. List the prime factors of j(n).
2, 31
Let c(y) = -6*y**3 - 2*y**2 + 6*y + 5. Let t be (-12)/(-102) + (-134)/(-17). Suppose -v + t = 3*v, -w + v = 5. What are the prime factors of c(w)?
131
Suppose 3*b - 12491 = 2*i + 44464, -4*b + i = -75945. List the prime factors of b.
3, 6329
Let w(s) = s**3 + s**2 + s + 5. Let c be w(0). Suppose 12*j = 15*j - c*o - 2516, 2*o + 2 = 0. List the prime factors of j.
3, 31
Suppose 6*d - 27 = 39. Suppose d*w - 112 = 12*w. What are the prime factors of (-4)/(-2) - w*1?
2, 3, 19
What are the prime factors of 1*418*(-6 - -34)*(-22)/(-16)?
7, 11, 19
Suppose -9031 = -3*f - q, 3*q - 20 = -26. List the prime factors of f.
3011
Suppose -31*k + 22284 = -13*k. Let y = -142 + k. List the prime factors of y.
2, 137
Let q(h) be the second derivative of 27*h**4 - 3*h**3 + 19*h**2/2 - h + 51. List the prime factors of q(1).
5, 13
Let w(q) = -40*q + 177. Let u be w(10). Let r = u - -384. What are the prime factors of r?
7, 23
Suppose -5*r + 2*z = 3614, -2 = 2*z - 3*z. Let i = r + 760. What are the prime factors of i?
2, 19
Suppose c - 25179 = -x, 4*c = -22*x + 27*x + 100779. List the prime factors of c.
2, 7, 257
Let s(a) = -3*a**2 - 35*a + 13. Let i be s(-14). Let l be 68/i*(-30)/4. What are the prime factors of 2 + ((-2)/4)/(l/(-2424))?
2, 3, 17
Suppose -10*x + 24750 = 45*x. Suppose 0 = 4*l + 4*s - 52, 5*s + 5 = 20. Suppose i + x = l*i. What are the prime factors of i?
2, 5
Let j(x) = -43*x**2 + 1. Let u be 1/(-5) - (4/(-20) - 1). Let r be j(u). Let t = r - -109. What are the prime factors of t?
67
Let j = 7367 + -4856. List the prime factors of j.
3, 31
Let a(f) = 2*f + 26. Suppose -2*r + 5*l + 419 = 0, 4*l - 824 = 2*r - 6*r. Let h be (2/(-6))/((-3)/r). What are the prime factors of a(h)?
2, 3
Let h(x) = 11*x - 52. Let s be h(13). Suppose s = 2*n - 73. List the prime factors of n.
2, 41
Let z(b) = -2636*b + 1973. What are the prime factors of z(-27)?
5, 14629
Suppose 0 = 4*h - 12 + 4. Suppose -2*w = h*k - 380, 0 = -w + 5*k + 41 + 155. What are the prime factors of w?
191
Suppose 5*k = -4*j, j + 2*k - 11 + 14 = 0. Suppose -3*d = -2*q + 1537, 3*q = 8*d - j*d + 2304. What are the prime factors of q?
13, 59
What are the prime factors of 556/695 + (-226146)/(-5)?
2, 5, 4523
Let z = 283 + -278. Suppose -4*r + 2400 = z*o - 9*r, -r + 1456 = 3*o. List the prime factors of o.
2, 11
Let q(r) = -6077*r + 66. List the prime factors of q(-1).
6143
Let z(p) be the third derivative of 77*p**4/24 - 241*p**3/6 + 273*p**2. List the prime factors of z(6).
13, 17
Let n be 3/18 - (-23)/6. Suppose -t - 2*t = h - 22, -4*t + 56 = n*h. Let i = 62 - h. What are the prime factors of i?
2, 13
Let w be (-66)/(-9)*(59 - 8). List the prime factors of (w/(-10))/(2/5)*-2.
11, 17
Let n = -28149 + 66067. What are the prime factors of n?
2, 18959
Let q = -24955 + 48904. What are the p